 9*x(h). Let n(w) = 7*a(w) + 2*m(w). Calculate n(2).
4
Let a(h) = -5*h**2 + h - 14. Let q(g) = 22*g**2 - 4*g + 61. Let i(j) = -9*a(j) - 2*q(j). Let f(t) = t + 1. Let u = -4 + 3. Let m be f(u). Calculate i(m).
4
Suppose -5*t = -13*t + 40. Let f(u) = u**3 - 7*u**2 + 3*u + 5. Give f(t).
-30
Let p(d) = d**2 - 2*d. Let n = 4 - 1. Suppose v = 6*v + 10, q + n*v + 6 = 0. Let i be (q - 1)*(-27)/9. What is p(i)?
3
Suppose 5*x = 4*o - 2, -2*x + o - 3 = -1. Let i be 0 + 10/x + 17. Let q(r) = -r**2 + 11*r + 5. Determine q(i).
-7
Let v be (3/(-4))/((-2)/(-8)). Let k = -35 - -36. Let q(s) = s**2 - 35*s + 4*s**2 + s**3 + k + 38*s. Determine q(v).
10
Let q(y) = 2*y**2 - 4*y - 5. Let w be 11 - (-3 + 9)/1. Determine q(w).
25
Let d(u) be the third derivative of u**5/30 + u**4/24 + u**3/2 + 8*u**2. Let b = 26 - 23. What is d(b)?
24
Let o(s) be the second derivative of 1/2*s**2 - 2/3*s**4 + 0 + 7/6*s**3 + 1/20*s**5 - 4*s. Calculate o(7).
1
Let o be -2 - (-5 + -2 + 2). Let y(n) = n**3 + 13*n - 3*n + 6*n**2 - 7 - 2*n**o. Let r(g) = -4*g**2 - 24*g + 35. Let s be r(-7). What is y(s)?
14
Let p(m) be the first derivative of -m**3 - 3*m**2 - 3*m - 46. Give p(-4).
-27
Let l(s) = s**3 + 4*s**2 - 4*s. Let d(g) = -g**3 + 6*g**2 - 3*g - 9. Let m be d(5). Suppose -3*p = -5*b, b - p + m = -b. Determine l(b).
21
Let v(k) be the second derivative of k**4/6 + k**2/2 - k + 35. What is v(-3)?
19
Let m(w) = -8*w - 3. Let i(b) = 3*b + 1. Let q(z) = 11*i(z) + 4*m(z). Let l be q(5). Let k(h) = -h**3 + 5*h**2 - 4*h + 2. Calculate k(l).
2
Let p(y) = -2*y + 2 - 2 + 1. Let c = -32 + 31. Let u = c - 2. What is p(u)?
7
Let v(i) be the third derivative of -i**6/120 + i**5/20 + i**4/8 + i**3/6 - i**2 - 481*i. Determine v(3).
10
Let q(x) = x**3 + 2*x**2 + x. Let y(o) = o**2 - 14*o + 10. Let h be y(13). What is q(h)?
-12
Let g(f) = -11*f**2 - 3*f + 1. Suppose 13*a = -1155 + 1181. Determine g(a).
-49
Let l = -1 - 3. Let q(a) be the third derivative of a**5/60 - a**4/24 + a**3/3 - 102*a**2 - 5. Give q(l).
22
Suppose -8*g = -10*g + 16. Suppose -4*p + 64 = g. Suppose -s - p = -19. Let u(z) = z + 4. Determine u(s).
9
Suppose 0*q = -2*q - 2. Let b be (((-2)/1)/2)/(-2 - q). Let n(k) = -5*k + 1. Give n(b).
-4
Let x(u) = -u**2 - 25*u + 2. Let a(p) = p**2 + 22*p - 2. Let g(n) = -3*a(n) - 2*x(n). What is g(-14)?
30
Let i(v) = 5 - 8*v - 6 + 7*v + 4*v. Calculate i(-12).
-37
Let n(b) be the second derivative of b**4/12 - b**3/6 - 3*b**2/2 + 2*b + 67. Determine n(3).
3
Let x(v) = 2*v**2 + 4*v + 1. Let k(q) = 5*q**2 + 11*q + 7*q**2 + 4 - 7*q**2. Let i(o) = -3*k(o) + 8*x(o). Give i(3).
2
Let g(w) = 2*w - 3. Let v be g(5). Suppose 0 = -3*r, 2 + 4 = 2*j - 5*r. Let i(n) = -7*n + n**j - 51 + 96 - 52 - 6*n**2. Determine i(v).
-7
Let u(s) = s**2 - 1. Let c(q) = -4*q**2 + 6*q - 10. Let x(f) = c(f) + 5*u(f). Let k(g) be the first derivative of x(g). Calculate k(-6).
-6
Suppose -10 = q - 5*k, -5*q + 90 = -2*k + 5*k. Let d(x) = -2*x + 26. Let f be d(q). Let p(o) = 5*o + 3. Determine p(f).
-17
Let p(r) = r**2 + 4*r - 2. Let w(b) = b**2 - b - 6. Let v be w(0). Let l = v + 1. Determine p(l).
3
Let i(t) = -t**2 - 5*t + 9. Let m(j) = j**3 + 42*j**2 - 2*j - 92. Let g be m(-42). What is i(g)?
-15
Let q(v) = v - 3. Let c(b) = 1. Let t be (-2)/(-2)*(0 + 0 - -9). Let u(l) = t*c(l) + 2*q(l). Determine u(-3).
-3
Let y(a) = -3*a**2 + 7*a + 1. Let k(b) = 5*b**2 - 14*b - 3. Let i(d) = 4*k(d) + 7*y(d). Let f(m) = -39*m + 189. Let t be f(5). Give i(t).
1
Let b(w) = -5*w + 6*w**2 + 2*w - w + 0*w - w**3. Let l be -1*2 + (-1 - -8). Calculate b(l).
5
Suppose -3*x + 6 = -x. Let h(v) = v - 3*v + x - 1 - 2*v**2. Let c(o) = 11*o**2 - 56*o + 3. Let s be c(5). Calculate h(s).
-2
Suppose -4*p = 3*t - 16, 10 = -p + 3*p + 2*t. Let q(u) = -4 + 3 - 60*u + 58*u - p. Give q(5).
-12
Let n(h) be the third derivative of h**5/60 + 3*h**4/8 + 3*h**3 + 5*h**2 + 4. Determine n(-8).
10
Let c(y) = 7*y. Let f(q) = 12*q + 841. Let z be f(-70). Determine c(z).
7
Let n(a) = 5*a + 3. Let w(r) = 8*r - 11. Let s be w(2). Calculate n(s).
28
Let y(r) be the first derivative of r**5/30 - 13*r**3/3 - 27. Let j(k) be the third derivative of y(k). What is j(-2)?
-8
Let h(o) = 228*o**2 - 3*o + 4 - 6*o - 227*o**2. What is h(8)?
-4
Let m be (-50)/6*(-129)/(-215). Let w(r) = -r**3 + r**2 - r + 1. Let y(d) = -d**3 + 7*d**2 + 2. Let k(a) = 2*w(a) - y(a). Give k(m).
10
Let n(l) = 1459*l - 2903*l + 8 + 1449*l. Give n(-2).
-2
Let c be (-140)/(-42)*(-108)/(-30). Let o(k) = 2*k - 11. Determine o(c).
13
Suppose 15*y - 46 = -16. Let z(n) = n - 2. Determine z(y).
0
Let w = 4 - 1. Let g be 13/w + (-4)/(-6). Let y(u) = u**2 - u + 1. Let s(o) = 4*o**2 + 2*o - 1. Let h(x) = s(x) - 5*y(x). Calculate h(g).
4
Let w(q) = -q**3 + 6*q**2 - 2*q + 9. Let a(o) = o + 1. Let z(j) = -8*j + 20. Let i(t) = -10*a(t) - z(t). Let h be i(-18). Give w(h).
-3
Let s(v) = -v - 8. Let t(l) = 15*l + 188. Let g be t(-13). Calculate s(g).
-1
Let v = 4 - -2. Let a(p) = 3*p - 7. Determine a(v).
11
Let h(n) be the first derivative of 1 - 1/3*n**3 + 6*n - 3*n**2. Suppose 24 = -2*p + 4*k, -k - 3*k = -12. Calculate h(p).
6
Let f(v) = -75 + 36 - 2*v + 35. Let r(w) = w**3 - 7*w**2 + 7*w - 3. Suppose 2*k - 19 = -7. Let t be r(k). Give f(t).
-10
Let m(f) be the first derivative of f**4/4 - 2*f**3/3 - 6*f**2 + f - 89. What is m(5)?
16
Suppose 9 - 5 = -2*w. Let n(m) = m + 4. Suppose -4*h - 3*a - 31 = -10, -3*h + 5*a + 6 = 0. Let j(i) = -1. Let c(x) = h*j(x) - n(x). Calculate c(w).
1
Let s(b) be the third derivative of -1/4*b**4 + 1/60*b**5 + 0*b - 6*b**2 + 1/2*b**3 + 0. What is s(4)?
-5
Suppose 30 = -11*g - 25. Let b(q) = q + 3. Let k be b(3). Let a(f) = -5*f**2 + 7*f + 5. Let n(i) = -6*i**2 + 7*i + 5. Let d(v) = k*n(v) - 7*a(v). Give d(g).
5
Let r(g) = g + 3. Let b be 80/5 + (3 - 4). Let i be ((-30)/4)/(2/4). Let l = b + i. Determine r(l).
3
Let y(l) = l**3 - 5*l**2 - 6*l + 6. Let j be y(6). Let m(k) = -k**3 - k**2 - j*k - 4 + 2 + 8*k. What is m(2)?
-10
Let f(j) = -10*j + 36*j - 17*j - 10*j. What is f(-6)?
6
Suppose -21 = -b + 5*d, -3*b + 27 = -0*d + 3*d. Suppose -4*y - b = k, 0 = 7*k - 9*k - 6. Let g(m) = -6*m - 2. Determine g(y).
10
Let x(f) be the third derivative of 0*f - 5/6*f**3 + 32*f**2 + 1/6*f**4 + 1/60*f**5 + 0. Calculate x(-6).
7
Suppose 85*u = 89*u. Let v(m) = m**3 - m**2 + m + 2. Give v(u).
2
Suppose 0 = 5*t + 16 - 26. Suppose 0 = 4*c + t*m + 26, -2*c + 4 = -2*m + 2. Let w(k) = -2*k - 4. Give w(c).
4
Let q(p) = 7*p - 5. Let c be 16/(-40)*5 + 0. Give q(c).
-19
Let g(w) = -w**2 + 3*w + 9. Let m(s) = 6*s + 3. Let h be m(17). Suppose h = 14*d + d. Determine g(d).
-19
Let z(g) = -g**2 + g + 1. Let v(q) = 5*q**2 + 12*q - 6. Let a be v(-3). Give z(a).
-5
Let j(x) = -x**3 - 14*x**2 + 15*x - 2. Let l = 616 + -631. What is j(l)?
-2
Let o = 60 - 36. Suppose o = 149*q - 152*q. Let d(b) = -b**2 - 9*b - 7. Give d(q).
1
Suppose -2 = 3*r + 1. Let a(s) = -6*s - 2. Let x(g) = g + 1. Let t(y) = r*a(y) - 4*x(y). What is t(-2)?
-6
Let x(p) = p + 38. Let v be x(-36). Let h(w) = 12*w - 5. Give h(v).
19
Let i(w) be the first derivative of -w**2/2 - 2*w - 6. Let s(n) = -3*n - 5. Let y(h) = -17*i(h) + 6*s(h). Calculate y(6).
-2
Let d(c) = -24*c**3 - c**2 + 2*c - 1. Let v(p) = -19*p - 113. Let x be v(-6). What is d(x)?
-24
Suppose -l - 5*p + 7 = l, l - p + 7 = 0. Let k(h) = -h**2 - 2*h + 10. Give k(l).
2
Let u(s) = -29 - 720*s + 1 + 722*s - 18. Determine u(21).
-4
Let u = 1966 + -1972. Let b(g) = g**3 + 4*g**2 - 6*g + 2. Calculate b(u).
-34
Let f(y) be the third derivative of 0 - 1/2*y**3 - 8*y**2 + 0*y - 1/24*y**4. Calculate f(0).
-3
Let f(i) = i**2 + 3*i - 2. Suppose 0*o + 18 = -9*o. What is f(o)?
-4
Let j(b) = -134*b + 69*b - 3 + 64*b. Give j(-3).
0
Let f(c) = -2*c**3 - 2*c**2 + c. Suppose 0 = 3*z - 4*z + 3*s - 2, 5*z - 3*s = -10. Let q be f(z). Let g(u) = 5 - 17 + 15 + 4 - 2*u. Calculate g(q).
-5
Let f(v) = -2*v + 3. Let l = 74 + -118. Let x = l - -47. Determine f(x).
-3
Let i(d) = 10*d - 39. Let o(t) = 3*t - 13. Let u = -156 - -163. Let m(x) = u*o(x) - 2*i(x). Let c be 69/12 - 2/(-8). What is m(c)?
-7
Let j(u) = -u**2 - 11*u - 25. Let i be 12/(-15) + (-46)/5. Determine j(i).
-15
Let v(s) be the third derivative of s**4/24 + 2*s**3/3 - s**2. Let x = 61 - 66. Let p be v(x). Let u(y) = 3*y**2 - y - 1. Calculate u(p).
3
Let n(v) = 3*v - 6. 